35
In base 13, what is -125 + -63485?
-635aa
In base 4, what is -2 + -101002122221?
-101002122223
In base 12, what is -615 - -75932?
75319
In base 5, what is -34231321424 - 3?
-34231321432
In base 12, what is -2 - -334874a7?
334874a5
In base 9, what is 7212754 - 4?
7212750
In base 9, what is -104400371 - -4?
-104400366
In base 14, what is -5 - 750d57c?
-750d583
In base 12, what is -344b11 - -26?
-344aa7
In base 2, what is 10111 + 11110110111011101010101011?
11110110111011101011000010
In base 14, what is 0 + 507917?
507917
In base 6, what is -3015142 - 104?
-3015250
In base 3, what is 101020102112 - -22?
101020102211
In base 7, what is 33316 + 42260?
105606
In base 16, what is -29488 - -3?
-29485
In base 14, what is 5 - 2a5aab07?
-2a5aab02
In base 3, what is 1022 - -111021?
112120
In base 12, what is -5755 + 129?
-5628
In base 3, what is 22 - 211000020111020?
-211000020110221
In base 5, what is 434 - -21404?
22343
In base 15, what is -84a4 - -177?
-832c
In base 2, what is 1100000011000 - 1110001111?
1010010001001
In base 12, what is -82901773 + -5?
-82901778
In base 5, what is -421431443 - -42?
-421431401
In base 5, what is -310431104314 + 13?
-310431104301
In base 16, what is -1395 + 535?
-e60
In base 11, what is -47905 + a9?
-47807
In base 11, what is 1 - 1030a911?
-1030a910
In base 12, what is 2149 - 120127?
-119b9a
In base 12, what is b784982 + -8?
b784976
In base 15, what is 28 - -59be4?
59c1c
In base 2, what is -101110001101000101101101 + -10?
-101110001101000101101111
In base 2, what is 1101001100000011100 - 1101?
1101001100000001111
In base 8, what is 4 + 47301043?
47301047
In base 14, what is 28265 - -47?
282ac
In base 2, what is 111100010 - -1010110010000111110?
1010110011000100000
In base 9, what is -15805 - -1315?
-14480
In base 8, what is 11 + 4437753?
4437764
In base 13, what is 35850c + -6?
358506
In base 3, what is 11102011101002 + -102?
11102011100200
In base 14, what is 3155d39 + -1?
3155d38
In base 3, what is 101211212010 + -201?
101211211102
In base 5, what is 2 + -110311212?
-110311210
In base 16, what is 7 + 3a89acc?
3a89ad3
In base 12, what is 4 + -198a3a4?
-198a3a0
In base 9, what is 4668703 - 34?
4668658
In base 14, what is 64c348 - 2?
64c346
In base 7, what is 362464 - 213?
362251
In base 8, what is -122277 + -5?
-122304
In base 9, what is 11086725 - -24?
11086750
In base 8, what is -45 - 7353403?
-7353450
In base 6, what is 3031 - 3021433?
-3014402
In base 15, what is -10 + 9d8b21?
9d8b11
In base 9, what is 151 - -1873142?
1873303
In base 4, what is -202101003 + 121?
-202100222
In base 9, what is 4 + 4740308?
4740313
In base 10, what is 982336 + 7?
982343
In base 9, what is 238400 - 685?
237604
In base 15, what is b1 + 2aaa33?
2aaae4
In base 2, what is 1000011101111011011011001 - -100001?
1000011101111011011111010
In base 10, what is -16855596 - 4?
-16855600
In base 16, what is 13208 + 715?
1391d
In base 10, what is 2 - 174903547?
-174903545
In base 14, what is -12 - 129ad4?
-129b06
In base 11, what is 4 + 33501992?
33501996
In base 12, what is -7a9012 - 548?
-7a955a
In base 11, what is 161 + 101215?
101376
In base 14, what is 5 - -a10b2?
a10b7
In base 7, what is -6442341 - -40?
-6442301
In base 11, what is 2260a24 - 6?
2260a19
In base 11, what is -176293 - 184?
-176467
In base 12, what is 0 - -2206806?
2206806
In base 16, what is -6 + -131ff?
-13205
In base 13, what is -c5531 - 6?
-c5537
In base 3, what is 12 - -2102111102212?
2102111110001
In base 16, what is -23807d - -3?
-23807a
In base 13, what is 809170 + 2?
809172
In base 4, what is 31303000132033 - 11?
31303000132022
In base 5, what is 3043240 - -3403?
3102143
In base 15, what is -26bb30 + 28?
-26bb07
In base 4, what is 20013322102 + -113?
20013321323
In base 15, what is 161 + 228c4?
22a35
In base 12, what is 6a310 - 432?
69a9a
In base 13, what is -1026 + 1725?
6cc
In base 13, what is 67 - 18101?
-18067
In base 9, what is 63721 - -5205?
70026
In base 16, what is 268a + -655?
2035
In base 6, what is -33224 + 32123?
-1101
In base 9, what is -3 + -687730?
-687733
In base 5, what is -32120331 - 2244?
-32123130
In base 4, what is -1 + -131131312122?
-131131312123
In base 6, what is -14325 + -11422?
-30151
In base 16, what is -51a231 - 10?
-51a241
In base 14, what is 243bd8 + 103?
243cdb
In base 6, what is 55 - 502531?
-502432
In base 12, what is 16 - 2089b025?
-2089b00b
In base 2, what is 11010100 + 11000111110111000?
11001000010001100
In base 13, what is 47a25 + -6?
47a1c
In base 2, what is -11000101111 - -1100101001011000?
1100010000101001
In base 3, what is 1100011020101212 - 2?
1100011020101210
In base 4, what is -2 + 21131131322?
21131131320
In base 15, what is 64ba0c2 + -13?
64ba0ae
In base 11, what is 2 + 65333329?
65333330
In base 12, what is -12963 + -a9?
-12a50
In base 8, what is -30 + -102353402?
-102353432
In base 12, what is 35505 - 7b83?
29542
In base 4, what is -33102020333213 + 10?
-33102020333203
In base 7, what is -313 - -2145561?
2145245
In base 13, what is 3 - c52b03?
-c52b00
In base 9, what is -18447 - 2578?
-22136
In base 4, what is 322302010220 - -10?
322302010230
In base 11, what is -121a - -118?
-1102
In base 16, what is -16320 - -2fa?
-16026
In base 11, what is 36097653 - 3?
36097650
In base 13, what is 22803700 - 8?
228036c5
In base 13, what is 2 - 201147?
-201145
In base 9, what is -20 - 771086?
-771116
In base 11, what is -16512 + -69?
-16580
In base 12, what is -910a2 + -32?
-91114
In base 11, what is -1 - 4122a42?
-4122a43
In base 13, what is 118771 + -65?
118709
In base 3, what is -110202201 + -1111112121?
-1222022022
In base 9, what is -4 - -315618426?
315618422
In base 11, what is -27616 - 16416?
-42a31
In base 6, what is 2235 + 5221334?
5224013
In base 14, what is -7770a1b - -3?
-7770a18
In base 15, what is 11 - 21621?
-21610
In base 3, what is -11122002 + -20021011?
-101220020
In base 6, what is 144030034410 - -3?
144030034413
In base 6, what is 1422154 + -24?
1422130
In base 5, what is -13102 + -410013?
-423120
In base 16, what is -2 + -65dc?
-65de
In base 16, what is 2ea + 7fae?
8298
In base 11, what is -4 - -130648?
130644
In base 8, what is -34 + 5220634?
5220600
In base 16, what is -28ea + -1ff?
-2ae9
In base 16, what is -38ab40 + -7?
-38ab47
In base 16, what is 94 - -c7863?
c78f7
In base 13, what is 77a2 + -2b?
7774
In base 9, what is 2771150 - 118?
2771031
In base 5, what is -11444210 + 13?
-11444142
In base 4, what is -313120301003 - 11?
-313120301020
In base 5, what is 10 - 1131041320?
-1131041310
In base 9, what is 26542 + 732?
27374
In base 9, what is 102 - -1662861?
1663063
In base 13, what is 0 - 2534801?
-2534801
In base 5, what is -13043413 - 333424?
-13432342
In base 7, what is -135163353 + -35?
-135163421
In base 6, what is 142123 - -23520?
210043
In base 14, what is 887 - -2a5?
b4c
In base 3, what is -11210 + 21011220020?
21011201110
In base 7, what is -3 - 34521140?
-34521143
In base 12, what is 28a66 + 167?
29011
In base 14, what is 30c771 + 15?
30c786
In base 6, what is -4341 - 2541?
-11322
In base 9, what is -2550707 - -7?
-2550700
In base 6, what is 0 - -243203422?
243203422
In base 14, what is 102 + -b44a99?
-b44997
In base 13, what is -3 + -140247?
-14024a
In base 13, what is -230a844 + 7?
-230a83a
In base 6, what is 35230533121 + -5?
35230533112
In base 9, what is -581656 - -5?
-581651
In base 13, what is 1842827 + 1?
1842828
In base 2, what is -1000111001000110 - -11011101100?
-1000011101011010
In base 13, what is 10 - 193cc5?
-193cb5
In base 15, what is -194a - eee7?
-11942
In base 5, what is 34403334 + 1030?
34404414
In base 4, what is -3 + -23210321312222?
-23210321312231
In base 15, what is 4 + -bb5c086?
-bb5c082
In base 5, what is -2 + -3441203412?
-3441203414
In base 12, what is 2510 + 471?
2981
In base 16, what is 9281d4 - 9?
9281cb
In base 5, what is 331 + -1001301424?
-1001301043
In base 2, what is -10001110011 + 1000110101101000?
1000100011110101
In base 12, what is 4683b622 + -3?
4683b61b
In base 11, what is -73 + 72337?
72274
In base 8, what is 5 - -16320456?
16320463
In base 11, what is -1204 + 565?
-74a
In base 12, what is -b0238 + 288?
-abb70
In base 16, what is -4c9a7c - 68?
-4c9ae4
In base 9, what is -6277 + -77?
-6365
In base 8, what is 2024353 + 53?
2024426
In base 12, what is -1